- -26. Suppose 5*j - y - s = 4*j, -71 = -2*j + 3*y. Let d(w) = w**2 - 8*w + 22. Calculate the remainder when j is divided by d(7).
10
Suppose 0 = 41*h - 69*h + 7364. What is the remainder when h is divided by 8?
7
Suppose -16 = 6*l - 2*l, -4*l = -3*d + 175. What is the remainder when (-13 + 14)/(((-44)/(-9064))/((-1)/(-2))) is divided by d?
50
What is the remainder when 3296 - 1*(21 + -30) is divided by 18?
11
Suppose -7*u = 2*u - 108. Let b = -42 - -79. Suppose 0 = -a - s - 6 + b, 0 = -4*s - u. What is the remainder when 67 is divided by a?
33
Let n = 1015 + -1013. Calculate the remainder when 1 + (3 - n) + 3 + 1 is divided by 4/14 + 26/7.
2
Let v = -269 + -139. Let t = -346 - v. What is the remainder when 119 is divided by t?
57
Suppose -2*m + 337 = 5*q, 3*q = -5*m + 237 - 50. What is the remainder when 796 is divided by q?
37
Let t = -16231 + 16372. Calculate the remainder when 2960 is divided by t.
140
Suppose 0 = 5*c - 10*c + 15. Suppose c*n - n = 224. Suppose 5*h = -1 - 4, -n = -p - 2*h. What is the remainder when p is divided by 29?
27
Suppose -2 = 4*m - 130. What is the remainder when 5388/42 - 342/266 is divided by m?
31
Suppose 13*j - 23 = 510. Suppose 3*w - j - 79 = 0. Let h = w - 23. Calculate the remainder when 83 is divided by h.
15
Let m(t) = -2569*t - 1343. What is the remainder when m(-2) is divided by 19?
14
Let l = 11 + -6. Suppose 4*c - s = 7, 6*s - s - l = 0. Suppose -9*m + c*m = -266. Calculate the remainder when m is divided by 10.
8
Suppose -o = d - 1504, -733 = -4*o - 2*d + 5279. What is the remainder when o is divided by 32?
30
Suppose -7 = -b - 3. Suppose 4*u + 3*y + 1 - 41 = 0, 5*y + 8 = b*u. Calculate the remainder when 14 is divided by u.
0
Let c = 4641 + -4215. What is the remainder when 911 is divided by c?
59
Let p(s) = -3*s + s**2 + 2 + 2*s**2 + 0*s**2. Let x be p(1). Let t = x - -10. Calculate the remainder when t is divided by 7.
5
Let q(y) = 3*y - 78. Let i be q(26). Suppose 2*t + 5*g - 251 = 48, -t + 4*g + 169 = i. What is the remainder when t is divided by 53?
51
Suppose 5*i + 6 = 21. Suppose -i*x + 3*u + 586 = 5*u, 4*x + u = 773. Calculate the remainder when x is divided by 39.
36
Let x = 26 + -25. Calculate the remainder when 6 is divided by ((-24)/6 + 7)/x.
0
What is the remainder when 1295 is divided by 43/((-387)/(-18)) - 14*-5?
71
Let y(a) = -25*a + 797. What is the remainder when y(21) is divided by 78?
38
What is the remainder when 48/(-24) + 7 + (0 - -215) is divided by 74?
72
Let k(s) = -7*s. What is the remainder when (-3136)/(-68) - 2/17 - 0 is divided by k(-5)?
11
Suppose -2*i + 25 + 150 = 3*c, 283 = 5*c - i. Calculate the remainder when c is divided by (-3)/5 + (-5)/((-175)/371).
7
Suppose 0 = 17*r - 22*r + 2070. Suppose 4*k - r - 2 = 0. What is the remainder when ((-3)/(-2))/(6/k) is divided by 9?
8
Let r = 109 + -49. Let k = -1 - r. Let p = 123 + k. Calculate the remainder when p is divided by 22.
18
Let z(c) = 4*c**2 + 2*c. Let t be z(-6). Suppose 3*r + 4*p - 134 = 0, 0 = -3*r - r + 4*p + t. What is the remainder when r is divided by (308/(-84))/(1*2/(-6))?
5
Let i = 482 - 480. Suppose -i*r = 4*p - 1502, 51*p - 46*p - r - 1867 = 0. Calculate the remainder when p is divided by 29.
26
Let z = 28 - 21. Suppose -3*s + z = -8. What is the remainder when 69 is divided by -2*(3 - s) + 5 + -2?
6
Let y = 393 - 15. Let j = y - 241. Calculate the remainder when j is divided by (-1 + -1)/(-2)*23.
22
Let j be ((7 - 10)/3)/((-2)/10). Suppose i = -2*m + 154, -4*m = j*i - 7*m - 731. Calculate the remainder when i is divided by 31.
24
Let k = 202 - 386. Let v = -171 - k. What is the remainder when 75 is divided by v?
10
Suppose 93*s = 86*s - 3486. Let t = 248 - s. Calculate the remainder when t is divided by 83.
82
Suppose 20*c = 22*c - 14. Suppose 5*o - 53 = -3*n, 3*n - 6 = 5*o + c. What is the remainder when (1 - 0)*(-12)/(-18)*48 is divided by n?
10
Let l(a) = 17*a**2 - a - 2. Let i(j) = 2*j**2 - 10*j - 14. Let o be i(6). Let b = -13 - -36. Calculate the remainder when l(o) is divided by b.
22
Let n(o) = -17*o + 15. Let c be n(5). Let m = -63 - c. Suppose -d = 3*p - 1, 4*d - 18 = 2*p - m*p. What is the remainder when 41 is divided by d?
6
Let q(y) = -y**3 + 2*y**2 + 2*y + 36. Let z be q(0). Suppose -30*v - 114 = -z*v. Calculate the remainder when 72 is divided by v.
15
Let o be (3/(-9))/((-3)/(-45)). Let j be (-29)/(o*(-2)/20). What is the remainder when j*(-3)/(-6)*-1 is divided by 8?
5
Let j(l) = 2*l**2 - 5*l - 6. Let h be j(5). Let p = h + -10. Let y = 571 - 509. What is the remainder when y is divided by p?
8
Suppose 2*b + 39*q - 75 = 44*q, -q = 5*b - 174. Calculate the remainder when 312 is divided by b.
32
What is the remainder when 450/7 - (-4)/(-14) is divided by 32256/848 - 28/742?
26
Calculate the remainder when (-17 + 13)*20370/(-56) is divided by 85.
10
Let r be (-8)/((-48)/66) - 6. Suppose r*x - 5*p - 205 = 0, -17*x = -20*x - p + 127. Calculate the remainder when x is divided by 4.
2
Let w(d) = -1. Let p(g) = 4*g + 5. Let t(f) = p(f) - w(f). Calculate the remainder when 62 is divided by t(4).
18
Suppose 0 = -5*a - r + 322, 7*a - 1219*r - 461 = -1221*r. Calculate the remainder when a is divided by 0 - 7*(-1)/1.
5
Suppose -5*g = -5*b - 140, 0 = -37*b + 35*b - 12. Let x = 216 + 89. Calculate the remainder when x is divided by g.
19
Let s(p) = -242*p + 2738. What is the remainder when 683 is divided by s(11)?
75
Let g = 15 - 10. Suppose -5*w + 668 = 4*z + 166, g*z = 2*w + 644. What is the remainder when z is divided by ((-120)/9 - 16)/(8/(-12))?
40
Suppose -7*x + 19 = -3*x - 5*c, -x + 1 = -5*c. Let d = 25 - x. Let t = -20333 - -20370. What is the remainder when t is divided by d?
18
Let a(o) = 4*o**3 + 7*o**2 + 6*o - 13. Let x(w) = 3*w**3 + 8*w**2 + 7*w - 13. Let c(m) = -2*a(m) + 3*x(m). Calculate the remainder when c(-7) is divided by 39.
32
Suppose -7*l + 6 = -13*l. Let p(c) = c. Let q(r) = -15*r - 1. Let s(b) = -4*p(b) + q(b). What is the remainder when 35 is divided by s(l)?
17
Let v = -9 + 31. What is the remainder when 24/(-3)*5*-1 is divided by v?
18
Suppose 1244*a - 1265*a + 966 = 0. Calculate the remainder when 4246 is divided by a.
14
Let y(p) = -244*p + 2249. Calculate the remainder when 118 is divided by y(9).
12
Suppose 2*r = r + 8. Suppose 0 = -4*h + 20, 3*n - 6*h = -2*h + 274. Let d = n - 11. Calculate the remainder when d is divided by r.
7
Let w(d) = d**2 - 10*d + 116. Let p = 560 - 560. Calculate the remainder when w(p) is divided by 108.
8
Let n(u) = 29*u - 17. Let s be n(1). Suppose 432 = s*i - 0*i. What is the remainder when 71 is divided by i?
35
Let s(h) = 10*h**2 - 65*h + 277. What is the remainder when 209 is divided by s(5)?
7
Let p = 572 + -544. Calculate the remainder when p is divided by ((-15)/2)/(18/(-36)).
13
Let a = -180 + 183. Suppose a*u - 103 = -2*p, u - 5*u - 5*p = -142. What is the remainder when 126 is divided by u?
27
What is the remainder when 735 is divided by ((-108)/(-108))/(1/41)?
38
Let p(i) = -5*i + 83. Let f = 423 + -400. Calculate the remainder when f is divided by p(14).
10
Let i be 28/490 - (-276)/70. Let x(o) = -37*o + 43. Let j(c) = -9*c + 11. Let p(y) = -9*j(y) + 2*x(y). Calculate the remainder when 57 is divided by p(i).
12
Suppose -15 = 5*m, 7*l + 184 = 11*l - 4*m. Suppose 15*d - l - 92 = 0. Calculate the remainder when (1*-1 - -16)*1 is divided by d.
6
Suppose 16 = 3*j + j. Suppose -k + 159 = j*n, 10*k - 3*n = 8*k + 274. Calculate the remainder when k is divided by 8.
7
Let t(v) = 2*v**3 + 11*v**2 - 11*v - 14. Let p(s) = -42*s + 6. Calculate the remainder when p(-2) is divided by t(-6).
10
Suppose -14*s + 833 = -4205 - 310. Calculate the remainder when s is divided by 182.
18
Let p(n) = n**2 - 8*n + 15. Let f = 101 - 99. Let r be p(f). Suppose -2*q + 10 = 5*d, r*d = 9*q - 8*q - 5. Calculate the remainder when 17 is divided by q.
2
Let v be (((-36)/(-5))/(-6))/((-15)/(-50)). Calculate the remainder when 241 is divided by (-60)/(-45)*(-147)/v.
45
Suppose -7*j + 6*j + s = 2267, 0 = -3*j + 2*s - 6802. Calculate the remainder when 3*j/(-8) - 5/(-10) is divided by 71.
70
Let b(h) = 301*h + 1886. What is the remainder when 7439 is divided by b(-6)?
79
Calculate the remainder when 524 is divided by -16 + (-18 - 2544)/(-21).
100
Let s = 174 